rue
Is 39960311 composite?
False
Is 9171445603 a composite number?
False
Is 665881409 composite?
False
Is 522122129 a prime number?
False
Is 82799183 a composite number?
True
Is 791510267 prime?
True
Is 6217161869 prime?
True
Is 18911620877 prime?
False
Is 25316462863 a prime number?
True
Is 2177449657 a composite number?
False
Is 784989691 composite?
False
Is 206556209 a prime number?
False
Is 1900991641 prime?
False
Is 37585184663 composite?
True
Is 6066259477 composite?
False
Is 4246291201 prime?
True
Is 2713867691 prime?
False
Is 314676893 a composite number?
True
Is 2820477589 a prime number?
False
Is 1583177419 composite?
True
Is 177869385149 prime?
False
Is 1433149873 a prime number?
False
Is 3596276687 composite?
False
Is 1563339761 prime?
True
Is 21869834453 a prime number?
False
Is 6849492163 a composite number?
False
Is 3984347813 composite?
False
Is 26265655849 a prime number?
False
Is 312212933 composite?
False
Is 43150858139 composite?
False
Is 25149532983 a composite number?
True
Is 4564968403 composite?
False
Is 64552452737 composite?
True
Is 578432581 a composite number?
True
Is 808861637 prime?
False
Is 388309343 composite?
True
Is 935788067 a composite number?
False
Is 1204378757 composite?
False
Is 5668449967 a prime number?
False
Is 30476022923 composite?
True
Is 9719464778 composite?
True
Is 132464197769 composite?
False
Is 417494083 prime?
True
Is 977763781 a composite number?
True
Is 178048873 composite?
False
Is 1440658943 a prime number?
False
Is 1967359631 prime?
True
Is 54278263447 composite?
True
Is 147006181 prime?
False
Is 102406410601 composite?
True
Is 61589824123 prime?
True
Is 239480947 a composite number?
True
Is 165379061 a composite number?
True
Is 7597570811 a composite number?
True
Is 127745046983 a prime number?
True
Is 579550381 composite?
False
Is 24640858247 prime?
False
Is 1362936755 composite?
True
Is 520750033 composite?
False
Is 14205627298 composite?
True
Is 1408836829 prime?
True
Is 4646269493 composite?
False
Is 7022016059 prime?
False
Is 114489017 a composite number?
False
Is 2036897201 a prime number?
False
Is 87671978963 composite?
False
Is 68822329 a prime number?
True
Is 94831057033 a composite number?
True
Is 2287723111 prime?
False
Is 13045084781 composite?
True
Is 517225649 prime?
False
Is 152534308319 composite?
False
Is 14464421189 a prime number?
True
Is 6990425153 prime?
False
Is 4955108227 composite?
True
Is 201806233 composite?
False
Is 2534968297 prime?
False
Is 250631393 composite?
False
Is 7559364413 prime?
False
Is 667324219 prime?
False
Is 4785120479 a prime number?
True
Is 7356515669 a prime number?
False
Is 1083075547 prime?
True
Is 1173695597 composite?
True
Is 1202623079 composite?
True
Is 7679110363 a composite number?
True
Is 7834571341 a prime number?
False
Is 16626879913 a composite number?
True
Is 7416393067 composite?
True
Is 1109463193 a composite number?
False
Is 1526220893 composite?
False
Is 8407472851 prime?
True
Is 414498621 composite?
True
Is 228097697 prime?
True
Is 2427291779 a composite number?
True
Is 123369707 composite?
False
Is 127401859367 a prime number?
True
Is 473136007 a prime number?
False
Is 40922779531 prime?
False
Is 11054085605 a composite number?
True
Is 149492279 a composite number?
False
Is 57721404313 a prime number?
True
Is 3905459021 prime?
True
Is 1355020291 a composite number?
False
Is 93500425087 composite?
False
Is 1508249153 composite?
False
Is 2884755661 prime?
False
Is 1440520193 a prime number?
False
Is 36391487941 composite?
False
Is 4357761227 a prime number?
True
Is 18851573747 a composite number?
False
Is 8164279481 a composite number?
False
Is 17937403013 composite?
True
Is 1037396951 prime?
True
Is 170523667 a prime number?
False
Is 598044943 a prime number?
True
Is 260820335462 prime?
False
Is 551263147 a prime number?
False
Is 9396927889 composite?
False
Is 1503640615 prime?
False
Is 868402021 prime?
False
Is 3494640278 prime?
False
Is 19541725387 composite?
False
Is 967959578 a composite number?
True
Is 6014828389 a composite number?
False
Is 13531674421 a composite number?
False
Is 499097483 a prime number?
False
Is 33146439331 prime?
True
Is 132648839 composite?
False
Is 18085282679 composite?
False
Is 371006219 prime?
False
Is 993691843 a composite number?
True
Is 1703693909 composite?
True
Is 23215393771 a prime number?
True
Is 588522989 prime?
True
Is 29773319 a prime number?
False
Is 3693141121 prime?
True
Is 25825112359 composite?
True
Is 69028876373 prime?
True
Is 53613943247 composite?
False
Is 13108823669 composite?
False
Is 2058111467 composite?
True
Is 11168968043 composite?
False
Is 108365382791 a prime number?
False
Is 651304337 a composite number?
False
Is 10122590701 a composite number?
False
Is 91629808489 a composite number?
False
Is 1707513163 a composite number?
False
Is 15586728799 prime?
True
Is 2651351099 a prime number?
True
Is 2176014721 a prime number?
True
Is 1115627459 a composite number?
False
Is 1913408759 prime?
True
Is 47111749 a composite number?
True
Is 2545926433 a prime number?
True
Is 12304492741 prime?
True
Is 10200591119 composite?
False
Is 490969919 prime?
False
Is 3516711617 a prime number?
True
Is 4123656587 a prime number?
False
Is 2246918357 composite?
False
Is 9035660537 composite?
True
Is 493759817 a prime number?
True
Is 317438365429 composite?
True
Is 702095167 a composite number?
False
Is 10657573961 prime?
True
Is 3313627822 a composite number?
True
Is 7725602057 prime?
True
Is 91095947719 prime?
False
Is 1736824613 a prime number?
True
Is 6902596097 a prime number?
False
Is 8984070643 a composite number?
False
Is 4857698227 a prime number?
True
Is 849403927 prime?
True
Is 1066189297 composite?
True
Is 50165844373 prime?
True
Is 24640258021 composite?
False
Is 2509798351 composite?
True
Is 3206463859 composite?
True
Is 2587379347 a prime number?
False
Is 1772748343 composite?
False
Is 608081917 composite?
True
Is 162698911 a composite number?
True
Is 24857835113 composite?
False
Is 3168286739 a prime number?
False
Is 55023759641 composite?
True
Is 693044767 a prime number?
False
Is 164773605611 a prime number?
True
Is 88415741 a composite number?
False
Is 46512849451 a prime number?
True
Is 135092447267 prime?
True
Is 34788113357 prime?
True
Is 25596209383 a prime number?
True
Is 360655303 a composite number?
True
Is 1161514349 composite?
True
Is 7844971177 prime?
False
Is 18812356999 composite?
False
Is 46979620069 composite?
False
Is 5231183041 prime?
False
Is 25766112137 prime?
True
Is 16177843083 composite?
True
Is 1708205739 a prime number?
False
Is 4184937137 a prime number?
True
Is 546673717 composite?
False
Is 4168346839 prime?
False
Is 1083508253 prime?
True
Is 211880372261 a composite number?
True
Is 39370272737 prime?
False
Is 105606192931 a prime number?
True
Is 732737023 prime?
True
Is 9889675327 prime?
False
Is 167248021907 a composite number?
True
Is 528697721 a prime number?
True
Is 3120790813 a composite number?
True
Is 2576249 composite?
True
Is 37580069741 prime?
False
Is 2941875367 composite?
False
Is 3438807727 a composite number?
True
Is 213509713 a composite number?
True
Is 37948679 a prime number?
False
Is 1343884249 a composite number?
False
Is 1031774671 a prime number?
True
Is 51671969 a composite number?
False
Is 3964661539 prime?
False
Is 300872170831 a composite number?
False
Is 88380168341 a composite number?
True
Is 41829456531 composite?
True
Is 22135390205 a composite number?
True
Is 223247726293 prime?
True
Is 694154035 composite?
True
Is 3917245799 a composite number?
False
Is 30298529 prime?
True
Is 174975508973 prime?
True
Is 2787786187 composite?
True
Is 3854682743 composite?
True
Is 871053823 a prime number?
True
Is 206647759 prime?
False
Is 902342183 prime?
True
Is 5773328219 prime?
True
Is 1166490419 prime?
True
Is 32613914873 composite?
True
Is 8637226714 a composite number?
True
Is 1443261031 a composite number?
False
Is 1018971223 prime?
True
Is 14507331551 composite?
True
Is 61694726851 a composite number?
True
Is 1371594277 a prime number?
True
Is 14870683645 a prime number?
False
Is 12997823687 prime?
False
Is 9019523923 a composite number?
False
Is 10565441053 composite?
True
Is 29182515679 a prime number?
True
Is 19